s the value of -1 - (1 - -2) - (38 + -42)?
0
(-4 - -1) + 3 + 0 + -2
-2
(3 - (4 - (1 + 1))) + -6
-5
What is the value of -7 + 1 - -2 - (-1 + -1)?
-2
Calculate 6 + ((-4 - -4) + -5 - -2).
3
Calculate -1 + 4 + (8 - 24) + 8.
-5
What is the value of 7 - (2 + -2 + -8 + 13)?
2
Evaluate 13 - (-12 + 46 + -11).
-10
Calculate (2 + -1 - -6) + 59 + -62.
4
What is (3 - 14) + (-5 - -17)?
1
What is the value of -13 + (4 - -9) - -9?
9
What is the value of 9 + (5 + -19 - -1)?
-4
Evaluate 0 - (0 - (8 + -5)).
3
Evaluate 2 - (0 + 1 + -1 + 1).
1
Evaluate -8 + 3 + -2 - -5.
-2
What is (-13 - (9 - 20)) + 1 + -4?
-5
Evaluate -2 - (0 - -3 - 2 - 0).
-3
1 + -1 + -4 - -1
-3
Evaluate (-81 - -81) + (1 - 4 - 2).
-5
Calculate (0 - 3) + 0 + 7.
4
What is -9 - -13 - (0 - -8)?
-4
What is the value of 8 + -1 + -2 + -1 + -7?
-3
-14 - (-1 - 4 - 14)
5
(-7 - (-1 + -1)) + (-1 - -2)
-4
What is (3 - 6) + -1 - 0?
-4
Evaluate 0 + (-1 - -2) + (-15 - -13).
-1
What is the value of (-3 + 3 - 3) + -19 + 28?
6
Calculate -7 - (-5 + (6 - -4) + -8).
-4
-3 + (-6 - (-18 + 3))
6
Calculate 4 - 4 - -2 - (3 - -1).
-2
What is the value of (4 - (4 + -2)) + 3?
5
Calculate 8 + -10 - (-1 + 1 - 0).
-2
Evaluate -1 + -3 + (-1 - -2) - -1.
-2
What is 3 - (1 + -1 + 0)?
3
Evaluate (-5 - -4) + -3 - (-2 + -2).
0
What is the value of 0 + -6 + 6 - 3?
-3
Calculate 15 + -17 - (0 - 1).
-1
Evaluate -1 + 4 + -6 - (-5 + 1).
1
What is 1 - 3 - ((-4 - -9) + -6)?
-1
(4 - (-2 + -1)) + -5
2
Calculate (11 - (17 - 8)) + (0 - 1).
1
What is the value of (0 - 6 - -6) + 7?
7
-15 - -1 - -8 - (-4 + 1)
-3
What is -6 - (-1 + 0 - 2) - -4?
1
-3 + 0 - (15 - 18)
0
What is 2 + (-5 - -1) + 2?
0
Calculate 8 + -3 + (0 - 0) + 0.
5
Evaluate (0 - -1) + -5 + -5 + 4.
-5
Calculate 48 + -46 + (0 - -1).
3
What is 2 - (-6 - (-2 - 1))?
5
What is the value of -9 + -3 + 8 + 7?
3
What is the value of 0 - (1 + -1 + -3)?
3
Evaluate -1 + -2 + 4 - (8 + -8).
1
What is the value of 0 + 1 + (1 - 2)?
0
(-16 + 13 - (-4 + -1)) + -3
-1
Calculate 6 - (2 + -8 + 0 - -14).
-2
Calculate -4 + 4 - ((2 - -1) + -5).
2
Calculate 5 - 3 - (2 + 6).
-6
Calculate 15 - 15 - (-4 - -2 - -7).
-5
Calculate 1 + (0 - (0 - (-3 - -5))).
3
0 + -8 + 14 + -2
4
What is 1 + (7 - ((-11 - -5) + 15))?
-1
Evaluate 2 - (0 + 2 + -1).
1
What is the value of (2 - 5) + 10 + -2?
5
What is -4 - (-2 + -3) - 4?
-3
What is the value of 6 + (1 + (3 - 3) - 2)?
5
Evaluate -3 + (3 - -1) + -7 - -4.
-2
What is the value of (5 - (3 - -5)) + 7?
4
Evaluate 3 + 20 + -17 + (0 - -4).
10
What is (6 - (5 + -4)) + (0 - 0)?
5
What is the value of 4 + (5 - 7) + -3?
-1
-2 + 12 - 6 - -3
7
What is -20 - -20 - (2 + (0 - -3))?
-5
Evaluate (-1 - -5) + (4 - 3).
5
What is (-1 - -13) + 13 + -19?
6
What is -3 + 8 + 0 + -3?
2
Calculate (4 - 0) + 3 + (-4 - 0).
3
What is the value of -1 - (4 + -6 - 1)?
2
What is 5 - (1 - (0 - 2)) - 0?
2
0 - 8 - (-16 + 11)
-3
What is -10 - -19 - 16 - (0 - 1)?
-6
What is the value of 9 - -1 - (15 - 10) - 4?
1
15 - (11 + -2) - 14
-8
Calculate 15 - (3 + -16 + 23).
5
Calculate (-4 - (-1 + -2)) + 5.
4
What is (4 - 1) + 2 + (-2 - -2)?
5
Calculate 3 + -3 + 2 + (-2 - -1).
1
What is the value of 2 + 7 + -3 - 2?
4
Calculate (-3 + 3 - (5 + 0)) + 5.
0
-10 - (-13 - -1) - (7 - 0)
-5
6 - (-6 + 5 - -3)
4
What is the value of 1 - 17 - (-65 + 57)?
-8
What is the value of 3 + 7 + -12 + 4?
2
Evaluate (16 + -14 - 9) + 2 + 4.
-1
(-9 - -8) + (4 - 6) + 4
1
(2 - (2 - 3)) + 2 + -2
3
What is the value of (5 - (-1 - -4)) + 0 + -2?
0
Calculate -105 + 110 + (0 - -1).
6
What is 1 - (-1 + -8 + 7)?
3
Evaluate 5 - (-2 + 9) - (-6 + 1).
3
Evaluate -11 + (16 - (-3 + 5)).
3
Evaluate -3 + (-2 - -3) - 0.
-2
(15 - 4) + -15 - 5
-9
What is the value of -10 + 11 + -9 - -1?
-7
What is (18 - 28) + 5 + -1?
-6
What is 13 + 17 + -11 + -11?
8
Evaluate (-9 - 0) + (-2 - -10).
-1
What is the value of (-2 - 1) + (-1 + 6 - -2)?
4
What is the value of (3 - -9) + 11 + -23?
0
What is 1 - -1 - (10 - 16 - -7)?
1
1 - 4 - 1 - -4
0
What is (3 - 8) + (-1 - (-4 - -2))?
-4
Evaluate -1 + (7 - (-3 - (-3 - 4))).
2
Calculate -3 + 11 + -9 + (1 - 0).
0
Calculate 5 + (-7 + -1 + 3 - -5).
5
Evaluate 0 + 5 + (-2 - 2).
1
Evaluate -9 + (-4 - (-31 + 13)).
5
What is 5 - (-6 + -2 + 14)?
-1
Calculate -9 - (-2 - -9 - 9).
-7
Evaluate 3 + -2 - (6 + -1).
-4
What is the value of -1 + 2 - 1 - -5?
5
Evaluate (-6 - -6) + 0 + 2 + -1.
1
Evaluate 0 - 1 - (1 + 3).
-5
Evaluate 0 - (-2 + 5 + -6).
3
Calculate -1 - (0 + 2 - -2).
-5
What is the value of (-20 - -23) + 2 + (0 - 0)?
5
What is 3 + -11 - -4 - 0?
-4
What is -5 + (8 - 13) + 4 + 4?
-2
0 - 0 - (4 - 1)
-3
Calculate -12 + 10 + -6 + 2.
-6
Calculate 2 + 6 + -5 + -3 - 1.
-1
What is -1 + 1 - (10 - 6)?
-4
Calculate (-2 - -12) + -7 - 5.
-2
What is -5 - (1 - 3) - -4?
1
What is 4 - (14 + 0 - (-13 - -20))?
-3
What is the value of -6 - (-2 + 5 - 4)?
-5
Evaluate (9 - (2 + -1)) + -14.
-6
What is -2 + 6 - (-3 + -2) - 4?
5
What is 6 + -7 - ((4 - 2) + 2)?
-5
What is 5 + 1 - ((-18 - -16) + 8)?
0
Calculate -3 + 4 + (-1 - (-1 - 2)).
3
Calculate -8 + 14 + -9 - (0 + 1).
-4
What is 6 - (6 - 5) - 5?
0
Evaluate (5 - 5) + -6 + 7.
1
What is the value of 0 + (-9 - -5) + 2?
-2
Calculate 0 + (2 + -4 - 1).
-3
Evaluate -6 + 6 - -5 - (21 - 11).
-5
Evaluate 9 - (-4 + 3 - (-12 + 8)).
6
Calculate 0 + 12 + 33 + -38.
7
Calculate 4 - 1 - (5 - (4 + -2)).
0
-6 + 2 - -5 - 3
-2
Calculate 5 + -9 + 3 + (-3 - -2).
-2
What is (0 - 0) + -28 + 22 - -1?
-5
What is the value of -2 + -5 + (-10 + 5 - -11)?
-1
Calculate -2 + (0 - -8) + (-26 - -22).
2
Calculate (1 - 1) + -1 + (-68 - -66).
-3
Calculate -4 + 3 + 3 + -7.
-5
Calculate 0 - -7 - ((-4 - 3) + 9).
5
-2 - (-13 + 2 + 2 + 4)
3
What is -5 - (-3 - ((-2 - 5) + 7))?
-2
0 + 8 - 3 - (-8 - -16)
-3
Evaluate 0 + (-2 - (2 - 0)).
-4
What is -2 - ((0 - 5) + 5)?
-2
What is -2 + 4 + (-4 - -3 - -1)?
2
Evaluate -2 - ((-14 - -8) + 8 + 2).
-6
4 + 0 - -4 - 4 - 8
-4
Calculate (-3 + 3 - (0 + 0)) + 0.
0
What is 5 - -1 - (-5 - (-6 - 3))?
2
What is the value of -10 - -10 - (0 - 1) - -4?
5
Evaluate 2 - (8 + 5 + -6).
-5
(-7 - (-13 - -4)) + -2
0
Calculate 4 - (-2 - 2) - 14.
-6
118 - 127 - (1 - 7)
-3
Evaluate (4 - (4 - 5)) + -3.
2
Evaluate 3 + 4 + -10 - (-4 - -6).
-5
Calculate 3 + (-3 - (0 + -5)) + -1.
4
Evaluate -2 + 11 + -2 - 7.
0
-4 - (1 + -3) - 3
-5
-3 + -1 + 3 + (7 - 1)
5
Calculate -3 + 10 - (-45 + 56).
-4
Calculate 0 + (1 - (3 + -6)) + -4.
0
What is -6 + 7 + 1 + -2 + 1?
1
Evaluate 4 + (1 - 9) + (-1 - -5).
0
What is the value of 7 - (-7 + 7 - -3)?
4
Calculate (0 - (-4 - -8 - 5)) + -1.
0
What is the value of -4 + (-4 - -4 - -3)?
-1
What is 9 - 11 - (4 + -2 + 1)?
-5
Evaluate -7 + -6 + -11 + 25.
1
Calculate -5 + 2 + -3 + 4.
-2
Calculate (0 - 1 - -1) + 12 + -8.
4
What is the value of 6 - 0 - (15 - 13)?
4
What is the value of (14 - 9 - -5) + -4?
6
Evaluate (-8 - 3) + 1 + -2 + 5.
-7
What is the value of 5 + 6 - 22 - -2?
-9
Evaluate 3 + -7 + 15 + -14.
-3
What is the value of -5 + (-6 - -5 - -1 - -4)?
-1
What is -65 + 63 + (-2 - (-1 - 1))?
-2
-2 + (-11 + 9 - (1 + -6))
1
Evaluate 2 - 6 - (-15 - -14).
-3
What is (1 - ((-4 - 1) + 10)) + 2?
-2
Evaluate 0 - (1 + -1 + (22 - 32)).
10
What is the value of 0 + 4 + (-4 - -4) - 0?
4
2 + 1 + 1 + -1 + -5
-2
Evaluate 6 + -6 - (-1 - 2).
3
What is the value of 10 - 5 - 4 - (1 - 0)?
0
What is the value of 0 - 2 - (26 + -34)?
6
What is the value of 2 + 2 - ((-4 - -3) + 2)?
3
What is the value of -1 + 6 + (-1 - 0)?
4
Calculate (2 - (1 + 0)) + -1 + 2.
2
1 + 7 - (1 + 5)
2
Calculate (-10 - 5 - -9) + 2 + 3.
-1
What is the value of 0 + (6 - (-5 - -10)) - 4?
-3
What is 4 + -2 - 2 - (-3 + 1)?
2
What is (2 - 6) + 9 + 1?
6
Evaluate 17 + -9 + 0 - 6.
2
What is the value of -12 + (12 - 11) + 11?
0
Calculate 2 - (-1 - -2) - (1 + 0).
0
10 - (6 - (-2 + 5))
7
Calculate -14 + 6 + 10 + -3.
-1
(-9 - -5 - 1) + 1 + 6
2
Calculate -1 + (1 + 15 - 10).
5
Calculate -1 + 0 - (0 + 9 - 12).
2
What is -5 - (-2 + (4 - (3 + 1)))?
-3
What is the value of -3 + (2 - -3) + 1 + -3?
0
-8 + 4 + 5 + 5
6
What is 4 - (1 - -2 - (5 + -10))?
-4
1 - 4 - (22 + -30)
5
0 - (3 - (3 - 2 - -1))
-1
What is (-4 - (3 - (4 + 0))) + 3?
0
What is the value of (7 - 0) + 4 + 0 + -9?
2
Calculate 7 + (10 - 18) - (-6 + 0).
5
What is 21 - 18 - (0 + 0 + 1)?
2
Calculate 6 + 0 + 2 + 4 + -11.
1
What is the value of 1 + (-5 - 2 - -11)?
5
4 - (-2 - 2) - 3
5
Evaluate -2 + (1 - (2 + 0 + -2)).
-1
Evaluate 5 + -10 - -1